 in base 8?
-21
-2 (base 3) to base 6
-2
10101 (base 2) to base 14
17
-1 (base 12) to base 9
-1
What is -2 (base 12) in base 6?
-2
Convert 34 (base 8) to base 5.
103
Convert -1 (base 7) to base 4.
-1
-9 (base 10) to base 6
-13
What is 17 (base 8) in base 5?
30
What is -1b (base 16) in base 5?
-102
What is -10011010 (base 2) in base 14?
-b0
-2 (base 9) to base 2
-10
Convert d (base 16) to base 10.
13
What is 1a (base 13) in base 14?
19
Convert 12 (base 10) to base 5.
22
Convert 123 (base 5) to base 15.
28
1011 (base 2) to base 13
b
Convert -10 (base 9) to base 11.
-9
What is 1 (base 8) in base 14?
1
Convert -1 (base 15) to base 4.
-1
Convert -32 (base 11) to base 14.
-27
Convert 1 (base 13) to base 14.
1
What is 3 (base 15) in base 5?
3
What is 0 (base 9) in base 12?
0
Convert -1 (base 12) to base 8.
-1
Convert -155 (base 6) to base 9.
-78
What is -281 (base 9) in base 14?
-12b
-d (base 16) to base 15
-d
What is -11022 (base 3) in base 5?
-431
What is -71 (base 12) in base 16?
-55
What is 1132 (base 4) in base 14?
6a
2 (base 11) to base 10
2
What is 2100 (base 3) in base 9?
70
4 (base 15) to base 11
4
4 (base 13) to base 10
4
What is 3 (base 5) in base 7?
3
What is -41 (base 14) in base 15?
-3c
Convert 3 (base 16) to base 15.
3
What is -6 (base 16) in base 6?
-10
Convert 32 (base 16) to base 10.
50
What is 2 (base 14) in base 16?
2
What is 150 (base 8) in base 9?
125
What is 1212 (base 3) in base 5?
200
What is -2 (base 12) in base 2?
-10
33 (base 13) to base 11
39
127 (base 10) to base 15
87
Convert -11 (base 2) to base 12.
-3
Convert 25 (base 9) to base 6.
35
-11 (base 9) to base 12
-a
Convert -3 (base 12) to base 9.
-3
Convert 0 (base 3) to base 12.
0
1 (base 9) to base 16
1
Convert 2 (base 14) to base 13.
2
-20 (base 10) to base 14
-16
What is 4 (base 9) in base 16?
4
What is -10 (base 2) in base 7?
-2
What is 1 (base 5) in base 8?
1
What is 5 (base 7) in base 4?
11
211 (base 5) to base 2
111000
What is -5 (base 14) in base 10?
-5
What is 33 (base 9) in base 13?
24
Convert 202 (base 9) to base 4.
2210
What is -500 (base 7) in base 12?
-185
3 (base 4) to base 12
3
-1 (base 15) to base 5
-1
What is 12 (base 8) in base 9?
11
12 (base 14) to base 9
17
Convert -2 (base 5) to base 13.
-2
Convert 2 (base 9) to base 5.
2
Convert -38 (base 10) to base 15.
-28
167 (base 9) to base 16
8e
Convert -110 (base 4) to base 10.
-20
Convert -633 (base 7) to base 13.
-1b6
Convert 32 (base 6) to base 3.
202
1010 (base 4) to base 16
44
What is -31 (base 6) in base 12?
-17
What is 1 (base 4) in base 5?
1
Convert 30 (base 4) to base 13.
c
What is 2 (base 14) in base 5?
2
Convert -1002 (base 3) to base 8.
-35
1 (base 7) to base 14
1
Convert -5 (base 11) to base 6.
-5
Convert -8d (base 15) to base 10.
-133
What is 106 (base 10) in base 8?
152
2d (base 14) to base 13
32
What is 20 (base 12) in base 14?
1a
Convert 69 (base 10) to base 3.
2120
-34 (base 16) to base 13
-40
Convert 26 (base 15) to base 7.
51
Convert 6 (base 10) to base 2.
110
What is 0 (base 8) in base 6?
0
-10 (base 2) to base 7
-2
What is -3 (base 9) in base 8?
-3
Convert -267 (base 11) to base 2.
-100111011
What is -211 (base 6) in base 12?
-67
-121 (base 4) to base 14
-1b
-42 (base 10) to base 15
-2c
Convert 12 (base 9) to base 2.
1011
What is 57 (base 15) in base 12?
6a
-8 (base 14) to base 16
-8
24 (base 5) to base 12
12
Convert -25 (base 8) to base 12.
-19
What is -40 (base 16) in base 9?
-71
What is -5 (base 11) in base 16?
-5
62 (base 10) to base 6
142
Convert -a (base 15) to base 2.
-1010
Convert 23 (base 12) to base 2.
11011
-82 (base 9) to base 11
-68
-a (base 11) to base 14
-a
12 (base 5) to base 12
7
11011 (base 2) to base 9
30
What is -10 (base 11) in base 10?
-11
Convert -31 (base 6) to base 7.
-25
What is 3021 (base 4) in base 3?
21110
Convert -7 (base 13) to base 15.
-7
6 (base 14) to base 4
12
Convert -1 (base 2) to base 3.
-1
What is 147 (base 11) in base 16?
ac
What is -10111 (base 2) in base 14?
-19
Convert -6 (base 15) to base 13.
-6
What is -4 (base 5) in base 8?
-4
Convert -3e (base 16) to base 13.
-4a
What is 2 (base 14) in base 3?
2
Convert -1a (base 13) to base 15.
-18
-3 (base 13) to base 7
-3
What is -30 (base 6) in base 8?
-22
What is -2 (base 12) in base 9?
-2
Convert 40 (base 14) to base 10.
56
-40 (base 5) to base 16
-14
What is 0 (base 6) in base 10?
0
Convert -3 (base 4) to base 12.
-3
Convert 21022 (base 3) to base 2.
11000101
-39 (base 10) to base 4
-213
What is 101010 (base 2) in base 10?
42
-440 (base 5) to base 14
-88
What is -4 (base 10) in base 16?
-4
-11 (base 9) to base 13
-a
Convert 10 (base 5) to base 2.
101
Convert -3 (base 14) to base 5.
-3
What is -12 (base 7) in base 9?
-10
4 (base 7) to base 13
4
What is 102 (base 6) in base 11?
35
1e (base 15) to base 13
23
-102 (base 13) to base 5
-1141
What is 113 (base 7) in base 6?
135
Convert -104 (base 6) to base 10.
-40
Convert -11 (base 3) to base 8.
-4
-23 (base 7) to base 12
-15
Convert 1202 (base 4) to base 5.
343
Convert 61 (base 7) to base 3.
1121
-7 (base 10) to base 7
-10
1002 (base 3) to base 15
1e
Convert -9 (base 12) to base 5.
-14
What is -22 (base 10) in base 13?
-19
Convert -2 (base 11) to base 13.
-2
-120 (base 6) to base 16
-30
What is 21 (base 3) in base 9?
7
1 (base 13) to base 5
1
112 (base 3) to base 14
10
5 (base 6) to base 12
5
What is 18b (base 12) in base 13?
164
-3 (base 12) to base 4
-3
1 (base 15) to base 3
1
-31 (base 8) to base 4
-121
12 (base 7) to base 6
13
What is -1 (base 3) in base 9?
-1
What is -5 (base 12) in base 16?
-5
Convert 311 (base 4) to base 5.
203
Convert 3010 (base 4) to base 12.
144
Convert 91 (base 10) to base 15.
61
What is 10110000 (base 2) in base 4?
2300
Convert -bb (base 12) to base 16.
-8f
Convert 69 (base 14) to base 3.
10110
343 (base 6) to base 15
90
What is -1 (base 6) in base 13?
-1
Convert 28 (base 10) to base 13.
22
10 (base 5) to base 4
11
-201 (base 3) to base 11
-18
What is -1011 (base 2) in base 3?
-102
What is 0 (base 16) in base 12?
0
What is 5a (base 13) in base 16?
4b
-117 (base 13) to base 5
-1224
What is 22002 (base 3) in base 5?
1333
Convert -52 (base 9) to base 14.
-35
2 (base 11) to base 2
10
What is -10 (base 3) in base 14?
-3
Convert -1 (base 14) to base 2.
-1
6 (base 7) to base 11
6
Convert 318 (base 11) to base 10.
382
What is 5 (base 14) in base 5?
10
What is 1 (base 4) in base 13?
1
What is 201 (base 5) in base 12?
43
4 (base 10) to base 3
11
Convert 20 (base 4) to base 15.
8
-139 (base 11) to base 8
-243
21211 (base 3) to base 6
551
Convert -20 (base 10) to base 14.
-16
Convert 1011001 (base 2) to base 11.
81
-33 (base 8) to base 4
-123
What is -122 (base 5) in base 6?
-101
What is -2 (base 9) in base 3?
-2
-13 (base 5) to base 2
-1000
Convert -14 (base 8) to base 6.
-20
What is 249 (base 10) in base 9?
306
-12 (base 6) to base 4
-20
443 (base 5) to base 8
173
-c (base 13) to base 16
-c
a9 (base 14) to base 3
12112
Convert 4 (base 11) to base 16.
4
-2033 (base 5) to base 8
-414
-110 (base 5) to base 3
-1010
-1000001 (base 2) to base 7
-122
-2 (base 10) to base 15
-2
Convert -1120 (base 3) to base 7.
-60
Convert -1 (base 7) to base 15.
-1
3 (base 5) to base 7
3
-b1 (base 14) to base 8
-233
-1 (base 7) to base 8
-1
Convert 2b (base 15) to base 8.
51
What is 66 (base 12) in base 9?
86
8 (base 14) to base 4
20
What is -a (base 11) in base 7?
-13
Convert -5 (base 14) to base 5.
-10
What is 3c (base 13) in base 14?
39
Convert 2 (base 14) to base 3.
2
Convert 133 (base 7) to base 15.
4d
Convert -3d (base 14) to base 10.
-55
Convert 1 (base 14) to base 15.
1
What is -10 (base 9) in base 5?
-14
What is 18 (base 14) in base 5?
42
Convert 2 (base 3) to base 15.
2
What is 111 (base 5) in base 14?
23
5 (base 16) to base 4
11
What is -12 (base 4) in base 15?
-6
What is 120 (base 4) in base 9?
26
-11210 (base 3) to base 7
-243
57 (base 12) to base 11
61
Convert -2321 (base 5) to base 15.
-176
What is -6 (base 8) in base 4?
-12
-110110 (base 2) to base 9
-60
2 (base 5) to base 4
2
Convert 22 (base 11) to base 7.
33
-a8 (base 15) to base 5
-1113
Convert -3 (base 4) to base 2.
-11
-10 (base 3) to base 4
-3
Convert -11 (base 5) to base 3.
-20
b (base 16) to base 12
b
What is -85 (base 11) in base 15?
-63
What is -2 (base 14) in base 2?
-10
-1 (ba